d 56?
28
Let b(s) = -s**2 + 7*s - 5. Let a be b(5). Suppose 2*y = -a*y + 84. Calculate the highest common divisor of 3 and y.
3
Let u(o) = -3*o + 16. Let a be u(3). Let p(w) = w**2 - 7*w + 4. Let c be p(7). Suppose -3*j - 49 = -c*j. Calculate the highest common divisor of a and j.
7
Suppose 3*d - 17 = 4*l, 3*d - l - 10 = 10. Let x(b) = 3*b**2 - 9*b + 15. Let z be x(d). What is the greatest common divisor of 9 and z?
9
Suppose 9*g + 82 + 260 = 0. Let t = 166 + g. Calculate the highest common divisor of t and 32.
32
Let m = 316 + -99. What is the greatest common divisor of m and 7?
7
Let i(p) = -7*p - 21. Let v be -8 + 7 - (15/3 - -2). Let u be i(v). What is the highest common factor of u and 175?
35
Suppose -s = -0*x + 2*x + 4, -s = 3*x + 6. Suppose s*v - 12 = -6*v. Calculate the greatest common factor of 22 and v.
2
Let n be 4/(-66) - 60305/(-231). Calculate the greatest common divisor of n and 45.
9
Let z be 3/(6/1)*246. Suppose u - 4*u = -z. Let l = u + -21. What is the greatest common divisor of l and 80?
20
Let u be (9/6)/(0 + 4/(-8)). Let i be (3/4)/(3894/1296 + u). Calculate the greatest common factor of i and 36.
18
Let i(w) = -4*w**3 + 22*w**2 - 10*w + 9. Let h be i(5). What is the greatest common divisor of h and 333?
9
Let s(b) = 7*b - 42. Let m be s(9). Suppose 154 = 5*y - m. What is the greatest common divisor of 35 and y?
35
Let b(c) = 37*c**2 + 290*c - 8. Let g be b(-8). Let x be (0/(-2) - -29) + 1. Calculate the highest common divisor of g and x.
10
Suppose 4*j + 174 = 7*j. Let g(h) = 3*h**2 + 2*h - 116. Let a be g(9). What is the highest common factor of j and a?
29
Let m(f) = f**3 - 16*f**2 + 4*f - 19. Let d be m(16). Let r = -42 + d. Let i = 2 + 0. Calculate the highest common divisor of i and r.
1
Suppose 5*y = -5*f + 205, 5*y - 8*y = 4*f - 163. Calculate the highest common factor of 220 and f.
20
Let l be 9 - -1814 - -7 - 6. What is the highest common factor of l and 32?
32
Suppose -5*n = -161 - 499. Suppose -u = -4 - 8. Suppose -17*x = -16*x - u. What is the highest common divisor of n and x?
12
Let x(u) = -130*u - 5. Let p be x(-3). Suppose 2*v + v + 2*j = 95, 2*v - 45 = -5*j. Calculate the greatest common factor of v and p.
35
Let b be ((-66)/(-21))/(-11) - 11974/(-14). Calculate the highest common factor of b and 190.
95
Let v = -980 - -996. Let p = 118 + -70. Calculate the greatest common factor of v and p.
16
Suppose -9*s - 8 = -11*s. Suppose -4*c - 6 + 30 = -4*u, 5*u + s*c + 12 = 0. Let h be -4*u/24*6. Calculate the highest common divisor of h and 2.
2
Let k = 558 + -206. Calculate the greatest common factor of k and 11.
11
Suppose 12*j + 37 - 118 = -15*j. Let i be (-3)/(1 - (2 - 0)). What is the greatest common factor of i and j?
3
Suppose 3*l - 191208 = -59*l. What is the highest common factor of 12 and l?
12
Let p(h) = -10*h**2 - h - 1. Let y be p(-2). Let q = -19 - y. What is the highest common divisor of q and 50?
10
Suppose 0 = -4*l + 11 + 13. Let j(m) = m + 30. Let v be j(-18). Suppose -v*t + 7*t = -240. What is the greatest common divisor of l and t?
6
Let s = -349 - -525. What is the greatest common factor of s and 16?
16
Let h(q) = 10*q**2 - q - 4. Let d be h(3). Suppose 0 = -3*p + d - 5. Let l = -8 + p. What is the highest common divisor of l and 27?
9
Let u(b) = 8*b + 17. Let l be u(6). Let r = l + -60. Calculate the highest common divisor of r and 2.
1
Suppose g = -4*g - 10. Let o be g/14 + ((-110)/(-35) - -1). What is the highest common divisor of 52 and o?
4
Let q be (-2 + 1)*-1*(55 - 27). Let k = -40 - -110. What is the highest common divisor of k and q?
14
Suppose 74 = -2*q - 4. Let b be 34/(3 + q/15). What is the highest common divisor of 34 and b?
17
Let c(u) = -9*u - 4. Let m(h) = 8*h + 3. Let n(l) = 4*c(l) + 5*m(l). Let o be n(2). Let v = -27 + 83. Calculate the highest common divisor of o and v.
7
Suppose -32 = -3*j - 2. Calculate the greatest common divisor of 54 and j.
2
Let w(a) = a**3 - 12*a**2 - 40*a - 49. Let d be w(15). What is the highest common divisor of 949 and d?
13
Let o(j) = 10*j**2 - 1. Let p be o(-1). Let y = 181 - 81. Suppose 4*i + g = y + 154, 199 = 3*i + 5*g. What is the greatest common divisor of i and p?
9
Suppose 0*k - 3*f = k + 7, 0 = -2*k + f. Let g be k*(9/3 - 4). Suppose d - 7 = -w, -5*w + 14 = -3*d + 5*d. What is the greatest common factor of g and d?
1
Suppose 10*u = 6*u + 120. Suppose -u = -2*d - 3*d. What is the highest common factor of d and 2?
2
Let v = -259 - -268. What is the highest common factor of 15 and v?
3
Let q = -4 - -40. Suppose 2*v + 0*v = q. What is the greatest common factor of 162 and v?
18
Let b(a) = 5*a**2 - 65*a + 11. Let w be b(13). Suppose 0 = -o + 3*y + y + 141, -o - 5*y + 96 = 0. Calculate the highest common factor of o and w.
11
Let u(z) = 106*z**3 + z**2 + z. Let p be u(-1). Let s be ((-1 - -2)/1)/(p + 107). Calculate the highest common divisor of 8 and s.
1
Let v = 1115 + -107. Calculate the greatest common factor of v and 126.
126
Let s(j) = j**2 + j - 5. Let m be s(-6). Suppose -2*n = m - 49. Calculate the highest common divisor of 4 and n.
4
Suppose 2*t + 10 = 4*q, 9 - 27 = -3*q - 2*t. Suppose 0 = -q*x + 13*x - 198. What is the highest common divisor of 88 and x?
22
Suppose -478 + 70 = -17*d. What is the greatest common factor of 264 and d?
24
Suppose -2*o + 8 = 2*r - r, -2*o = -3*r. Let x be (o/3)/((-3)/15). Let p be (-2)/x + (-446)/(-10). What is the greatest common divisor of 15 and p?
15
Suppose -m + 4*m = 108. What is the highest common divisor of m and 45?
9
Suppose 0 = -5*s - 0*s + 340. Let o = 35 - 21. Let l = o - -3. Calculate the highest common divisor of l and s.
17
Let n = 1 - -3. Suppose 0 = f + 3*f + 32. Let b = 12 + f. What is the greatest common divisor of b and n?
4
Suppose 2*l + 3*b = 30, 62 = 4*l + 2*b + 10. Let g = 188 + l. What is the highest common divisor of g and 25?
25
Suppose -93*o + 97*o = 200. Calculate the greatest common divisor of 175 and o.
25
Suppose x - 136 = -44*y + 43*y, x - 5*y - 160 = 0. Calculate the greatest common divisor of x and 385.
35
Suppose 2*o - 8 = -2*w + 4*w, -5*o + w = -40. Suppose 4*s - 51 = o. Let r = 944 + -779. Calculate the greatest common factor of r and s.
15
Suppose 0 = -5*d - k + 4*k + 49, 4*d - k = 35. Suppose -d*o = -7*o - 9. Calculate the highest common factor of 9 and o.
9
Let j(m) = 2*m**2 + 7*m - 7. Let k be j(-6). Let h = 75 - k. Suppose -2*r = -v + 12, -2*v + h = 3*v - 2*r. Calculate the greatest common factor of 1 and v.
1
Let l be (-4600)/240*8/(-10)*3. What is the highest common divisor of l and 2254?
46
Let b be 1/4 - 55/(-4). Suppose 0 + 342 = 5*p + 4*n, 64 = p + 3*n. Calculate the highest common divisor of p and b.
14
Let c(y) = -y**2 - 4*y + 2. Let f be c(-3). Let t = 386 + -351. What is the greatest common factor of f and t?
5
Let f = 136 - 132. Let b = 9 - 5. Let v be (9 + (1 - 3))*b. Calculate the highest common divisor of v and f.
4
Let b be 4/10 + 26/10 + 4. Suppose -b*j - 10 = -12*j. Let f be (0 + 2)*(1 + 4). Calculate the greatest common factor of j and f.
2
Let q(f) = f**3 - 8*f**2 + 5*f + 2. Let k be q(6). Let n be (-16)/k + (-68)/(-5). Let a be n + (3 + -12)/3. What is the highest common factor of a and 11?
11
Suppose -y + 3*p = 3*y - 28, -y - p = 0. Suppose 0*s + 4*s - 76 = -4*j, -101 = -y*s + j. What is the highest common factor of s and 24?
24
Let j = -475 - -570. What is the highest common divisor of 38 and j?
19
Suppose -j + 3*l = -171 - 452, 0 = 3*l + 12. Calculate the highest common factor of j and 13.
13
Suppose -5*q - 124 = -3*b, 2*b + 18*q - 88 = 16*q. Calculate the greatest common factor of b and 129.
43
Let u be 2/(-4)*(-7 + 81). Let q = 66 + u. Calculate the greatest common divisor of 29 and q.
29
Let x = -5524 - -8475. Suppose 0 = 13*r - x - 1521. What is the greatest common factor of 43 and r?
43
Let z(w) = w**3 + 32*w**2 + 97*w + 3. Let s be z(-22). Calculate the highest common factor of 63 and s.
63
Let f be -4 + (7 - 0 - -1). Let q be (-3 + 8/f)/(1/(-3)). What is the greatest common factor of q and 18?
3
Let x be (24/10)/((-14)/(-7875)*3). What is the greatest common divisor of x and 18?
18
Let k = -81 + 75. Let n(g) = -g**3 - 4*g**2 + 7*g - 3. Let t be n(k). What is the highest common divisor of 3 and t?
3
Let o(b) = 8*b - 81. Le